2
Let q(h) = 345*h + 32432. Calculate q(-94).
2
Let d(y) = -y**2 + 9*y + 88. Give d(-17).
-354
Let s(t) = 4*t**2 - 10*t - 50. Determine s(8).
126
Let b(a) = 829*a + 47245. Calculate b(-57).
-8
Let c(z) = -z**3 + 2*z**2 + 73*z - 257. Give c(7).
9
Let x(o) = 17*o**2 + o + 1. Determine x(-2).
67
Let v(g) = -44*g + 2652. Calculate v(60).
12
Let h(o) = 2*o**3 + 8*o**2 + 6*o + 29. Determine h(-4).
5
Let p(h) = -9*h**2 + 757*h - 62. Calculate p(84).
22
Let w(x) = -x**3 + x**2 + 6*x + 1. Determine w(2).
9
Let a(h) = -42*h - 140. Determine a(-7).
154
Let r(p) = 3*p**2 + 80*p - 2554. Calculate r(19).
49
Let g(x) = x**2 + 9*x - 74. Give g(-13).
-22
Let h(u) = 16*u**3 + u**2 - 2*u + 3. Determine h(1).
18
Let k(t) = 35*t + 2637. What is k(-73)?
82
Let i(q) = 315*q - 55748. What is i(177)?
7
Let u(v) = -13*v**3 - 169*v**2 - 13*v - 177. Give u(-13).
-8
Let w(j) = -j**3 + 9*j**2 + 79*j - 175. Give w(14).
-49
Let z(b) = 276*b + 6643. Calculate z(-24).
19
Let q(z) = -z**2 - 19*z - 78. Give q(-13).
0
Let u(h) = -245*h**2 + 30*h + 34. Calculate u(-1).
-241
Let x(t) = t**3 - 36*t**2 + 36*t - 31. Determine x(35).
4
Let b(j) = 11*j + 15. Give b(-1).
4
Let t(d) = -d**3 - 32*d**2 - 112*d + 1139. Give t(-26).
-5
Let i(m) = -12*m**3 + 902*m**2 - 149*m - 77. Calculate i(75).
-2
Let l(j) = 9*j**2 + 76*j - 384. Determine l(-12).
0
Let z(o) = 38*o - 38. Give z(6).
190
Let x(y) = -316*y + 2292. What is x(7)?
80
Let p(j) = -83*j - 1764. Give p(-21).
-21
Let t(i) = 5*i + 31. What is t(-6)?
1
Let w(t) = t**3 + 13*t**2 - 229*t + 33. Determine w(-23).
10
Let d(i) = -58*i**2 - 59*i + 11. Determine d(-2).
-103
Let z(l) = 27*l - 285. What is z(11)?
12
Let n(x) = 2*x**3 + 33*x**2 + 11*x + 31. Calculate n(-16).
111
Let p(f) = f**2 - 95*f + 1914. What is p(66)?
0
Let c(a) = -4*a**2 - 1131*a + 254. Calculate c(-283).
-29
Let k(l) = -2*l**3 + 43*l**2 - 24*l + 43. Give k(21).
-20
Let s(f) = -27*f - 1356. Give s(-50).
-6
Let q(l) = -52*l - 516. Give q(-10).
4
Let f(s) = -14*s**2 - 88*s + 162. What is f(2)?
-70
Let s(j) = -j**2 + 104*j + 2477. Give s(124).
-3
Let o(r) = 2*r**2 - 17*r - 65. Calculate o(11).
-10
Let d(q) = -256*q - 527. What is d(-4)?
497
Let o(h) = -h**3 + 9*h**2 - 23*h + 85. Calculate o(7).
22
Let t(w) = 5*w - 28. Calculate t(4).
-8
Let h(a) = 225*a - 13284. Give h(59).
-9
Let k(x) = -4*x**3 + 1009*x**2 + 751*x + 2031. Determine k(253).
7
Let d(f) = 22*f + 221. What is d(-8)?
45
Let v(c) = 3*c**2 - 65*c + 899. Determine v(12).
551
Let a(t) = 186*t + 1292. Calculate a(-7).
-10
Let q(h) = -3*h**2 - 2*h. Give q(-7).
-133
Let b(a) = 9*a**2 + 35*a - 193. Determine b(3).
-7
Let u(r) = -140*r - 1219. What is u(-11)?
321
Let b(u) = -134*u - 15136. Determine b(-113).
6
Let n(g) = g**3 + 35*g**2 + 60*g + 68. Give n(-33).
266
Let g(a) = -a**3 + 95*a**2 - 2242*a - 93. What is g(51)?
9
Let q(w) = 2*w**2 + 89*w - 1031. Determine q(-54).
-5
Let s(f) = -f**3 + f**2 + 34*f + 5. Give s(-6).
53
Let u(o) = -5696*o + 45549. What is u(8)?
-19
Let u(h) = 165*h - 2473. Calculate u(15).
2
Let b(o) = o**3 + 38*o**2 + 65*o - 4. Determine b(-2).
10
Let d(i) = i**3 + 12*i**2 - 44*i - 112. What is d(-15)?
-127
Let h(g) = 131*g + 4769. What is h(-36)?
53
Let s(y) = 19*y**2 - 552*y + 21. Give s(29).
-8
Let z(b) = -b**3 - 3*b**2 + 107*b + 220. Give z(-2).
2
Let a(z) = 200*z + 2338. Calculate a(-11).
138
Let d(g) = -3*g**2 - 23*g - 43. Calculate d(-8).
-51
Let s(r) = r**3 + 8*r**2 - 9*r + 2. Calculate s(-9).
2
Let m(v) = 81*v + 2039. What is m(-24)?
95
Let u(j) = 10*j - 77. Calculate u(20).
123
Let f(g) = -g**2 + 19*g + 80. Determine f(-3).
14
Let f(m) = 70*m + 49. Give f(5).
399
Let h(u) = -u**3 + 25*u**2 - 99*u + 4. What is h(20)?
24
Let r(g) = 10*g - 94. Give r(12).
26
Let l(w) = 2*w**3 + 90*w**2 - 289*w - 51. Give l(-48).
-3
Let x(b) = -617*b + 7685. Determine x(13).
-336
Let u(r) = -23*r - 181. Determine u(-2).
-135
Let u(v) = -v**3 - 24*v**2 - 51*v - 76. Calculate u(-22).
78
Let k(l) = -l**3 - 7*l**2 + 2*l - 47. What is k(-8)?
1
Let f(w) = w**3 - 16*w**2 + 35*w - 310. Calculate f(14).
-212
Let r(t) = -t**3 + 928*t**2 + 5599*t - 34. Calculate r(-6).
-4
Let r(k) = 45*k**2 + 4*k - 1. What is r(-2)?
171
Let u(c) = -c**2 - 13*c + 421. What is u(-26)?
83
Let a(n) = n**2 - 188*n - 8578. Calculate a(226).
10
Let l(t) = -313*t - 716. What is l(0)?
-716
Let z(p) = 2*p**3 + 144*p**2 - 147*p - 115. Give z(-73).
-42
Let t(d) = -d**2 - 9*d + 39. Give t(-11).
17
Let q(w) = 26*w**2 + 72*w - 1. What is q(-3)?
17
Let g(n) = -12*n + 444. Give g(31).
72
Let z(u) = -19*u**2 - 142*u + 30. Give z(-5).
265
Let r(q) = -q**2 + 1535*q - 6115. Determine r(4).
9
Let w(r) = 6*r**3 + 3*r**2 - 17*r + 27. What is w(2)?
53
Let r(g) = g**2 - 94*g - 276. What is r(-3)?
15
Let v(t) = t**2 - 38*t + 10. Give v(10).
-270
Let y(c) = -14*c**2 + 484*c + 72. Calculate y(35).
-138
Let v(p) = -18*p**3 - 160*p**2 + 3*p - 145. Calculate v(-9).
-10
Let z(y) = -2*y**2 + 38*y - 69. Calculate z(17).
-1
Let g(d) = 352*d + 93973. What is g(-267)?
-11
Let c(n) = 23*n + 1027. Determine c(-45).
-8
Let q(n) = 18*n**2 - 164*n + 29. What is q(9)?
11
Let p(u) = -167*u**2 - 77*u + 154. Determine p(2).
-668
Let a(t) = -14*t**2 + 1856*t + 793. What is a(133)?
-5
Let l(c) = -27*c**2 + 1754*c - 1665. Give l(64).
-1
Let x(m) = m**3 - 14*m**2 + 2*m + 44. Calculate x(15).
299
Let r(c) = 2*c**3 + 96*c**2 + 7*c + 373. Give r(-48).
37
Let t(b) = -1739*b - 64337. Give t(-37).
6
Let z(y) = -57*y**2 + 168*y + 3. Calculate z(3).
-6
Let f(d) = d**2 - 15*d - 283. Give f(23).
-99
Let s(o) = 60*o + 1013. Calculate s(-16).
53
Let f(n) = -16*n + 83. Give f(3).
35
Let x(m) = m**2 + 129*m + 1028. Give x(-9).
-52
Let l(u) = 43*u**3 + u**2. Determine l(-1).
-42
Let r(i) = i**3 + 9*i**2 + 30*i + 91. Give r(-5).
41
Let v(m) = m**3 + 24*m**2 - 67*m - 378. What is v(-26)?
12
Let k(c) = -c**2 + 3*c + 6. What is k(13)?
-124
Let m(t) = -123*t - 626. Calculate m(-5).
-11
Let f(s) = 45*s**3 + s**2 + 5*s - 5. Calculate f(-2).
-371
Let k(b) = -34*b**3 + 13*b**2 + 15*b + 2. Calculate k(-1).
34
Let z(h) = -3*h**3 - 27*h**2 + 10*h + 17. Give z(-5).
-333
Let v(x) = 2*x**2 + x - 55. Determine v(0).
-55
Let g(j) = -j**3 - 32*j**2 + 368*j - 16. Determine g(-41).
25
Let o(g) = 7*g**2 + 43*g + 109. Give o(6).
619
Let m(d) = -13*d**2 - 573*d - 1065. Determine m(-42).
69
Let n(o) = -8*o**3 + 377*o + 375. Calculate n(-1).
6
Let n(o) = -o**3 - 6*o**2 + 8. Determine n(-4).
-24
Let o(y) = 7*y**2 - 23*y + 59. Determine o(4).
79
Let h(x) = x**3 + 61*x**2 + 4*x + 101. Determine h(-61).
-143
Let s(c) = c**3 - 21*c**2 - 148*c - 379. Calculate s(27).
-1
Let b(o) = -o**3 + 49*o**2 - 88*o - 293. What is b(47)?
-11
Let p(k) = -44*k - 1061. Calculate p(-22).
-93
Let a(z) = -z**2 + 20*z + 2. Determine a(30).
-298
Let x(w) = 17*w + 202. Determine x(-6).
100
Let j(y) = -y**3 - 18*y**2 - 58*y + 175. Give j(-12).
7
Let o(x) = -x**3 + 38*x**2 - 70*x - 39. Calculate o(36).
33
Let k(y) = -y**3 - 5*y**2 - 4*y + 1. Give k(-9).
361
Let c(j) = 5*j**3 - 19*j**2 + 4*j - 41. Give c(6).
379
Let a(t) = -t**3 + 94*t**2 + 201*t - 870. What is a(96)?
-6
Let g(q) = 4*q + 130. Determine g(-33).
-2
Let d(z) = -2*z**2 + 25*z - 67. Calculate d(9).
-4
Let b(u) = -u**3 + 32*u**2 - 24*u - 154. Calculate b(31).
63
Let o(r) = 37*r - 481. Calculate o(8).
-185
Let d(h) = 1083*h + 100719. What is d(-93)?
0
Let c(w) = -64*w + 1269. What is c(20)?
-11
Let q(n) = -23*n**2 - 57*n + 142. Calculate q(2).
-64
Let a(u) = -u**2 + 6*u - 2. Calculate a(0).
-2
Let f(k) = -k**2 + 156*k - 1991. What is f(14)?
-3
Let p(v) = -19*v - 12. Calculate p(-7).
121
Let r(z) = -29*z**2 - 80*z + 166. Give r(2).
-110
Let h(p) = p**2 + 36*p + 104. Give h(-16).
-216
Let q(j) = 11*j**3 - 5*j**2 + 23*j + 17. Give q(3).
338
Let m(z) = -15*z**2 + 424*z - 97. What is m(28)?
15
Let n(g) = -35*g + 1102. Determine n(29).
87
Let s(n) = n**3 - 92*n**2 - 182*n - 576. Determine s(94).
-12
Let q(t) = -7*t**2 - 181*t + 366. Calculate q(2).
-24
Let l(v) = -2*v**2 - 5*v + 20. Give l(2).
2
Let s(c) = 8*c**3 - c**2 + 355*c - 355. Calculate s(1).
7
Let x(u) = 318*u**2 + 299*u. Calculate x(-1).
19
Let u(y) = -y**2 - 18*y + 9. Give u(-19).
-10
Let x(r) = -r**2 - 82*r - 629. What is x(-8)?
-37
Let p(a) = 552*a - 47479. Calculate p(86).
-7
Let b(d) = -1278*d + 2558. Give b(2).
2
Let y(j) = 10*j**2 -